?
True
Is ((-7)/(-6))/(16/1061472) a prime number?
False
Suppose -2*f - 12644410 = 33*f - 41047295. Is f a composite number?
False
Is (21 - 2 - 18)*311791 a composite number?
False
Suppose -5*p - 5 - 9 = -4*j, 26 = 5*j - 2*p. Let z(c) = j + 0 - 7 + 1898*c**2. Is z(-1) a composite number?
True
Suppose 5754*u - 5765*u = -663091. Is u prime?
False
Let v(u) = 329*u - 30. Let k be 28/8*64/28. Let a be v(k). Suppose -5*l - 2*g + 9013 = 0, 4*l - 9810 = -g - a. Is l prime?
True
Suppose -266*p + 264*p + 4 = 0. Suppose p*c - 29300 = -4*f + 19574, -4*f + 48877 = -c. Is f a composite number?
True
Let d(i) = 3*i**3 - 21*i**2 - 5*i - 1. Let w be d(7). Let n be 2*1/(-8) + (-117)/w. Suppose -n*g + a = -1220, -410 = -g - a - 2*a. Is g a prime number?
False
Is 4680385/105 + -8 + (-18)/189 a prime number?
False
Suppose -63*a + 96 = -93. Let j = 1 + -1. Suppose 0 = -3*b + 2*x + 1229, -a*x = -j - 15. Is b composite?
True
Let j(d) = 2*d - 22. Let a be (37/(-3))/(-1) - 3/9. Let w be j(a). Suppose 6*l = -w*l + 6536. Is l a prime number?
False
Let i = 22645 + -8804. Is i composite?
False
Let o be 4 + 0 + 6 - (-2)/2. Suppose 0 = -d - s + o, d + 9*s + 14 = 13*s. Is d composite?
True
Let i be (-2)/1 + 2 - 3031/(-1). Suppose 0 = -3*l + h - 4895, -1010 = l - 3*h + 619. Let d = l + i. Is d prime?
True
Let v(f) be the second derivative of -f**5/20 + 17*f**4/12 - 23*f**3/6 + 9*f**2/2 - 13*f. Is v(10) a prime number?
True
Suppose j - 108939 = 4*h, -2*j + h = -4*h - 217866. Let p = -71750 + j. Is p a prime number?
False
Suppose -18*v + 141660 = -5627898. Is v a composite number?
True
Let g = -2983 - -5229. Let f = g + -837. Is f prime?
True
Suppose -5*f + 3*f = -3*f. Suppose 2*d + 31433 - 79969 = f. Suppose -12*o + d = 3952. Is o a composite number?
False
Suppose -4*n - 16 = 0, -9 + 13 = 4*j + 4*n. Suppose 12*k = j*k + 39361. Is k composite?
False
Let u = 661175 + 749996. Is u composite?
False
Suppose 190*t - 4216676 - 5409069 = 8262185. Is t a prime number?
False
Is (-8 - -163113) + (23 - 19) a composite number?
False
Suppose -585 = 2*o - 7757. Let p = -1491 + o. Is p a composite number?
True
Let l = -579 - -579. Suppose l = -q + 3*k + 3216 + 39250, -q + 4*k = -42461. Is q a composite number?
True
Is (-12 - -5) + (1256536/6)/(13/39) a prime number?
True
Suppose -24*g + 68009 + 284767 = 0. Is g composite?
False
Let n(t) = -6*t - 50. Let y be n(-10). Let g(q) = 27*q**2 + 19*q - 21. Is g(y) a composite number?
True
Suppose 5*b = f + b + 4, 0 = -3*f - b + 14. Suppose -5*v - x + 6 = x, 4*v + 2*x - f = 0. Suppose -1693 = -v*y + y. Is y a composite number?
False
Is ((-4)/10)/((-62)/8175785) prime?
True
Suppose 0 = 5*j - r - 7548508, -4529091 = -3*j - 4*r - 0*r. Is j a composite number?
False
Suppose 0 = -2*a + 15 + 1715. Let u = a + -486. Let p = -146 + u. Is p composite?
False
Let m(u) be the third derivative of 0 + 7/6*u**3 - 677/24*u**4 + u**2 + 0*u. Is m(-2) prime?
True
Let s = -447 + 439. Is (-2345)/(-10)*(-16)/s composite?
True
Let c = 320109 + -130366. Is c a prime number?
True
Let x be 1*2/4*6. Suppose 0 = -x*r + 40 + 230. Let c = r - 43. Is c a prime number?
True
Let w be 1 + -1 - 1 - 2. Let v(f) be the first derivative of 107*f**3/3 + 3*f**2/2 + f + 126. Is v(w) prime?
False
Let m(o) be the third derivative of -5*o**4/12 + 8*o**3/3 - 26*o**2. Let d be m(4). Is ((-16)/d)/((-2)/(-1143)) composite?
True
Suppose 6*r = -32*r + 228. Suppose -r*t + 12521 + 10333 = 0. Is t a prime number?
False
Let s(b) = 6*b - 4*b**2 + 4 - 10*b + 3*b**2 + 6*b. Let t be s(3). Is ((-218)/4 + t)*-4 a prime number?
False
Let j(y) = -11*y**3 + 0*y**2 + y**2 + 3*y - 3*y - 11 - 2*y. Let a be (-6)/(-3)*(-5)/2. Is j(a) a prime number?
True
Let w be (-2)/(-3) + 202020/45. Suppose -w - 37696 = -6*h. Is h a composite number?
True
Suppose 4*g + 5*j - 458 = 0, 3*j = -4*g + j + 464. Is ((-26)/g)/(3/(-1809)) a composite number?
True
Let v = 27 - 26. Let n be 12/36 - ((-5122)/6)/v. Let k = n + -523. Is k a composite number?
False
Let c be (45/27)/((-2)/(-6)). Suppose 0 = -4*f + 3*l - 4*l + 9, -c*f + 4*l = -27. Suppose f*x = 6*x - 615. Is x a composite number?
True
Suppose -3*f = f + 20, -3*b = -2*f - 3211. Is b composite?
True
Let w(a) = -9960*a - 403. Is w(-11) a prime number?
False
Let v = -114 + 116. Suppose 0 = 5*k - 0*b + b - 40296, 0 = k + v*b - 8061. Is k a composite number?
False
Let b = -57 + 82. Suppose 0 = -5*g - 5 + b. Suppose g*t + 2*u - 379 = 141, 266 = 2*t - 2*u. Is t prime?
True
Let n(c) = c**3 + 5*c**2 - 7. Let o be n(-5). Let v(g) be the first derivative of 7*g**3/3 - g**2 - 10*g - 32. Is v(o) prime?
True
Is 1109742 - (21 + -19 - -17) prime?
True
Suppose 11*i - 70 = -37. Is -6 + (-177416)/(-12) - (-1)/i a prime number?
True
Let o be (-8)/((-160)/305) - (-9)/12. Suppose -o*y = -12*y - 32588. Is y a prime number?
True
Let a be 0/(3 - 5 - -4). Suppose a = -8*f - f + 257670. Suppose 0 = -4*i + 18*i - f. Is i a prime number?
False
Let s(j) = 2*j**2 + 76*j + 54. Let t be s(-37). Let l(c) be the third derivative of c**6/120 + c**5/3 - c**4/12 + 43*c**3/6 + 6*c**2. Is l(t) prime?
True
Let b(p) = 874*p + 1. Let l be b(17). Suppose -l = -17*g + 8*g. Is g composite?
True
Suppose -46*y - 8226998 - 8045877 = -171*y. Is y prime?
True
Let j(t) = 643*t**3 + 9*t**2 + 8*t + 48. Let s be j(-7). Is s/(-18) - 5/3*1 prime?
True
Let u(a) = 72*a + 3. Let g(y) = -147*y - 7. Let v(t) = 2*g(t) + 5*u(t). Is v(5) prime?
True
Let f(y) = 9*y**3 - y**2 + 2*y - 30. Let w be f(-7). Is (w/(-18))/10*339 prime?
False
Suppose 139*c - 144*c + 4330237 = 3*d, 0 = 11*c + 5*d - 9526531. Is c a composite number?
False
Let h(t) = -474*t**3 - 2*t**2 + 4*t + 4. Let b be h(-3). Is (b/(-6) + -6)*12/(-8) a prime number?
False
Suppose 31*b - 4*d = 27*b - 44, 5*d = -b + 13. Let y(a) = 28*a**2 - 7*a + 14. Let w(m) = -27*m**2 + 7*m - 15. Let g(z) = -6*w(z) - 5*y(z). Is g(b) prime?
False
Let n be 5795/(-20) + 2/(-8). Let f = 1654 + -985. Let l = n + f. Is l a composite number?
False
Let h = -150600 - -287041. Is h a composite number?
True
Suppose 0 = -7*d + 2787587 - 737826. Is d a prime number?
False
Let y(f) = 4*f + 42. Let m be y(-10). Suppose m*u = 10*u + 8240. Let v = 3251 + u. Is v a composite number?
False
Suppose 2*n = 2*y - 11 - 1, n + 2*y - 9 = 0. Is ((-241)/n)/((-10)/(-30)) a prime number?
False
Let a(i) = i**3 + 31*i**2 + 12*i + 29. Let r be a(-22). Suppose 2*c - 4281 = r. Is c a composite number?
False
Let k be (-9 - -5) + 1 + 195. Let g be k/80 + (-2)/5. Suppose 3*w - 2*p = -7*p + 276, -3*w + g*p = -297. Is w a prime number?
True
Let o be 6595*6/2 + 0/(-112). Let x = o + -13606. Is x composite?
True
Let q be (-16)/(-80)*1*5. Let z be (-2 + q)/(5 - (-46)/(-9)). Suppose -8*v + z*v - 5*m = 1936, -m = v - 1930. Is v prime?
True
Suppose 520*g - 35633 = 507*g. Is g a composite number?
False
Let g(t) = 1. Let s(u) = 17*u - 86. Let l(x) = -5*g(x) - s(x). Is l(-6) composite?
True
Let o = -3944 + 1653. Is (-6 - (9 + -12))*o/3 a composite number?
True
Suppose -47*o + 6541673 = -4689212. Is o prime?
False
Suppose 2*k - 42806 = 3*h, -44*h = -41*h - 12. Is k a composite number?
True
Let y(n) = 18*n - 130. Let s be y(8). Suppose -4*m = -3468 - 4068. Suppose -m = 2*u - s*u. Is u a composite number?
False
Let g = -4 - -10. Let u(a) be the third derivative of 89*a**4/24 + 7*a**3/6 + 15*a**2. Is u(g) composite?
False
Let p be (1 - (-62877)/4) + (-146)/584. Is -7 + 42/3 + p a prime number?
True
Suppose -84*x = -43*x - 2257993. Is x a prime number?
True
Let h(k) = 25*k**3 + 15*k**2 + 50*k - 25. Is h(13) prime?
False
Let v(u) = u + 10. Let g(d) = 1. Let q(b) = 2*g(b) + v(b). Let f be q(-9). Suppose 22735 = 2*l + f*l. Is l composite?
False
Suppose -2*i - 2*i + 8 = 0. Suppose -s + 79 = -2*a + 6, 2*a = i. Let m = s + -26. Is m a prime number?
False
Let o be 2637/(-18)*(-1 + -3). Suppose 10*v = 9*v + 3, -5*w = -3*v - o. Is w composite?
True
Suppose 0 = 3*r - 5*p - 82244, 137063 = 5*r - 15*p + 17*p. Is r composite?
True
Suppose -68185 = -2*k + 5*y - 15180, 20 = 4*y. Is k composite?
True
Let v = 185 + -182. Suppose -v*z + 6562 - 841 = 0. Is z prime?
True
Suppose 2*p - 20900 = -4*s, 2*s + 24*p = 27*p + 10466. Is s a prime number?
True
Let l(d) = 215*d**2 - 2*d - 593. Is l(32) a composite number?
False
Let f = -260 - -267. Is 1/(f*7/744359) a composite number?
